?
2, 17, 1044133
What are the prime factors of 1515578255?
5, 137, 2212523
List the prime factors of 498256124.
2, 124564031
List the prime factors of 1063169001.
3, 17, 739, 9403
What are the prime factors of 37568669?
41, 22349
List the prime factors of 35749904.
2, 61, 36629
List the prime factors of 1391796029.
13, 2699, 39667
What are the prime factors of 20508628?
2, 7, 509, 1439
List the prime factors of 120795330.
2, 3, 5, 4026511
List the prime factors of 406022076.
2, 3, 11278391
List the prime factors of 4705808283.
3, 11, 47533417
What are the prime factors of 757346840?
2, 5, 19, 337, 2957
What are the prime factors of 330838760?
2, 5, 7, 911, 1297
List the prime factors of 694160663.
7, 37, 53, 61, 829
List the prime factors of 3679025272.
2, 13, 2053, 17231
List the prime factors of 10328507.
7, 659, 2239
What are the prime factors of 640175576?
2, 89, 899123
List the prime factors of 420214528.
2, 53, 30971
What are the prime factors of 328338598?
2, 7, 97, 241781
What are the prime factors of 24391304?
2, 7, 435559
What are the prime factors of 73845971?
73845971
What are the prime factors of 15203041?
7, 37, 58699
What are the prime factors of 332666533?
43, 179917
List the prime factors of 8393426.
2, 4196713
List the prime factors of 168693964.
2, 42173491
What are the prime factors of 563704215?
3, 5, 37580281
List the prime factors of 35487207.
3, 7, 187763
List the prime factors of 728404184.
2, 241, 467, 809
List the prime factors of 79566557.
7, 11366651
What are the prime factors of 378204104?
2, 47275513
List the prime factors of 5067043.
31, 149, 1097
What are the prime factors of 40872570?
2, 3, 5, 31, 71, 619
List the prime factors of 3561181927.
101, 983, 35869
What are the prime factors of 968436941?
968436941
What are the prime factors of 789549150?
2, 3, 5, 13, 181, 2237
What are the prime factors of 1624975080?
2, 3, 5, 193, 70163
List the prime factors of 14190921.
3, 1576769
List the prime factors of 748677554.
2, 23, 16275599
List the prime factors of 257794524.
2, 3, 13, 550843
List the prime factors of 41607080.
2, 5, 73, 14249
List the prime factors of 253113535.
5, 19, 2664353
List the prime factors of 124049266.
2, 11, 5638603
List the prime factors of 504359791.
13, 17, 103, 22157
List the prime factors of 15180318.
2, 3, 281117
What are the prime factors of 3284798312?
2, 41, 337, 29717
List the prime factors of 227932931.
227932931
List the prime factors of 20951596.
2, 5237899
What are the prime factors of 24034122?
2, 3, 7, 53, 59, 61
What are the prime factors of 1699009213?
11, 4339, 35597
List the prime factors of 835438439.
11, 3623, 20963
List the prime factors of 29905879.
37, 808267
What are the prime factors of 875346009?
3, 291782003
List the prime factors of 5581600453.
11, 13, 39032171
List the prime factors of 5521791.
3, 11, 149, 1123
List the prime factors of 39494922.
2, 3, 6582487
List the prime factors of 3587158850.
2, 5, 11, 383, 17029
What are the prime factors of 92861235?
3, 5, 23, 3323
List the prime factors of 269604315.
3, 5, 41, 67, 727
List the prime factors of 58985140.
2, 5, 2949257
List the prime factors of 505114466.
2, 79, 3196927
List the prime factors of 75880050.
2, 3, 5, 505867
List the prime factors of 4924067019.
3, 271, 6056663
What are the prime factors of 82007533?
82007533
What are the prime factors of 3308441650?
2, 5, 66168833
List the prime factors of 110030998.
2, 7, 11, 714487
List the prime factors of 58213425.
3, 5, 776179
List the prime factors of 56983126.
2, 28491563
List the prime factors of 1292976623.
113, 11442271
What are the prime factors of 4882566461?
2731, 1787831
List the prime factors of 2792147046.
2, 3, 13, 35796757
List the prime factors of 6818187.
3, 2272729
List the prime factors of 304413216.
2, 3, 271, 11701
List the prime factors of 1702903127.
89, 101, 389, 487
What are the prime factors of 29263364?
2, 13, 73, 593
What are the prime factors of 287034519?
3, 9319, 10267
What are the prime factors of 1094881893?
3, 7, 167, 312199
List the prime factors of 98687205.
3, 5, 41, 89, 601
What are the prime factors of 118356038?
2, 43, 251, 5483
List the prime factors of 29680646.
2, 673, 22051
What are the prime factors of 1847513000?
2, 5, 1847513
What are the prime factors of 63941913?
3, 7, 17, 2843
List the prime factors of 558519550.
2, 5, 229, 48779
What are the prime factors of 158518211?
9221, 17191
What are the prime factors of 27158796?
2, 3, 7, 107773
What are the prime factors of 94179055?
5, 18835811
What are the prime factors of 3353876?
2, 89, 9421
List the prime factors of 2508875918.
2, 1254437959
List the prime factors of 143707594.
2, 71853797
List the prime factors of 447648408.
2, 3, 29, 214391
What are the prime factors of 58051304?
2, 71, 102203
What are the prime factors of 563187291?
3, 6299, 29803
What are the prime factors of 58836165?
3, 5, 349, 11239
List the prime factors of 310700399.
23, 647, 20879
What are the prime factors of 1960558737?
3, 73, 8952323
What are the prime factors of 317341564?
2, 79335391
What are the prime factors of 982206920?
2, 5, 2113, 11621
List the prime factors of 706807860.
2, 3, 5, 11, 1070921
What are the prime factors of 5184312375?
3, 5, 11, 283, 4441
List the prime factors of 146595995.
5, 7, 13, 46027
What are the prime factors of 599919504?
2, 3, 12498323
What are the prime factors of 695695180?
2, 5, 31, 1122089
What are the prime factors of 324986840?
2, 5, 8124671
What are the prime factors of 64125271?
7, 41, 59, 541
List the prime factors of 63549110.
2, 5, 19, 193, 1733
What are the prime factors of 348595071?
3, 11, 19, 50543
What are the prime factors of 86611392?
2, 3, 7, 21481
List the prime factors of 1233759094.
2, 22541, 27367
List the prime factors of 224697130.
2, 5, 7, 47, 163, 419
What are the prime factors of 2559639247?
11, 71, 3277387
List the prime factors of 791283770.
2, 5, 991, 79847
What are the prime factors of 73427565?
3, 5, 29, 59, 2861
List the prime factors of 206795102.
2, 103397551
What are the prime factors of 312368258?
2, 41, 3809369
List the prime factors of 19544757.
3, 53, 83, 1481
What are the prime factors of 130283679?
3, 43, 1009951
What are the prime factors of 775173310?
2, 5, 17, 37, 123239
List the prime factors of 443765660.
2, 5, 13, 1706791
List the prime factors of 1410507304.
2, 193, 271, 3371
What are the prime factors of 43883427?
3, 7, 967, 2161
What are the prime factors of 81818006?
2, 257, 159179
What are the prime factors of 44106807?
3, 59, 211, 1181
What are the prime factors of 132889280?
2, 5, 71, 5849
What are the prime factors of 479431102?
2, 239715551
What are the prime factors of 192304612?
2, 17, 487, 5807
What are the prime factors of 902870830?
2, 5, 90287083
List the prime factors of 102549195.
3, 5, 7, 43, 67, 113
What are the prime factors of 179843324?
2, 44960831
What are the prime factors of 180402365?
5, 11, 13, 191, 1321
What are the prime factors of 32235764?
2, 11, 732631
List the prime factors of 1000007482.
2, 1571, 318271
List the prime factors of 51585802.
2, 25792901
What are the prime factors of 16297644?
2, 3, 11, 311, 397
List the prime factors of 98743731.
3, 103, 223, 1433
List the prime factors of 2802469162.
2, 1401234581
List the prime factors of 44849167.
11, 29, 140593
List the prime factors of 18353274.
2, 3, 3058879
List the prime factors of 55941618.
2, 3, 9323603
List the prime factors of 63018037.
1493, 42209
List the prime factors of 35512072.
2, 47, 94447
List the prime factors of 2788486982.
2, 17, 101, 107, 7589
What are the prime factors of 4512156419?
4512156419
What are the prime factors of 2133439821?
3, 9209, 25741
List the prime factors of 494795444.
2, 11, 13, 197, 4391
What are the prime factors of 2035708476?
2, 3, 29, 37, 4273
List the prime factors of 99085714.
2, 7, 13, 41879
List the prime factors of 652310056.
2, 1877, 43441
What are the prime factors of 4044992131?
4044992131
List the prime factors of 1134466667.
7759, 146213
What are the prime factors of 1454473856?
2, 11, 1033007
List the prime factors of 1247017508.
2, 11, 101, 280607
What are the prime factors of 1060227740?
2, 5, 11, 13, 19, 109, 179
List the prime factors of 5599770.
2, 